{"id":423,"date":"2021-10-19T22:18:41","date_gmt":"2021-10-20T01:18:41","guid":{"rendered":"https:\/\/saobeneditoscrp.com.br\/artigos\/?page_id=423"},"modified":"2025-06-28T14:05:38","modified_gmt":"2025-06-28T17:05:38","slug":"duvidas-frequentes","status":"publish","type":"page","link":"https:\/\/www.saobeneditoscrp.com.br\/artigos\/duvidas-frequentes\/","title":{"rendered":"D\u00favidas frequentes"},"content":{"rendered":"\n<p>Caso necess\u00e1rio, sinta-se a vontade para entrar em contato conosco.<br><br><strong>Secretaria paroquial<\/strong><br>Segunda a sexta: 8h \u00e0s 12h \u2013 13:30h \u00e0s 17:30h<br>S\u00e1bado: 8h \u00e0s 11h<br>Telefone: <a href=\"tel:551433721105\" data-type=\"tel\" data-id=\"tel:551433721105\">14 3372-1105<\/a><br>WhatsApp: <a href=\"https:\/\/wa.me\/5514997769954\" data-type=\"URL\" data-id=\"https:\/\/wa.me\/5514997769954\">14 99776-9954<\/a><br>Messenger: <a href=\"https:\/\/m.me\/SaoBeneditoSCRP\" data-type=\"URL\" data-id=\"https:\/\/m.me\/SaoBeneditoSCRP\">SaoBeneditoSCRP<\/a><\/p>\n\n\n\n<hr class=\"wp-block-separator has-css-opacity\"\/>\n\n\n\n<style> \n.wp-block-separator { width: 100% !important; border: none !important; margin: 35px 0 35px 0 !important; } \n\n#menu-pergunta { margin: 0;\n    padding: 0; }\n\n#menu-pergunta li { border: 1px #ccc solid;\n    list-style: none;\n    padding: 7px 14px;\n    margin: 0;\n    margin-bottom: 7px;\n    background: #f7f7f7;\n    text-align: left; }\n\n#menu-pergunta li a { color: #32373c;\n    text-decoration: none; }\n\n<\/style>\n\n<a name=\"000\"><\/a>\n\n\n\n<p>Escolha uma d\u00favida:<\/p>\n\n\n\n<ul class=\"wp-block-list\">\n<li><a href=\"#001\">Hor\u00e1rios das Missas e Celebra\u00e7\u00f5es<\/a><\/li>\n\n\n\n<li><a href=\"#002\">Hor\u00e1rios de atendimento \u00e0s confiss\u00f5es<\/a><\/li>\n\n\n\n<li><a href=\"#003\">Hor\u00e1rios da secretaria paroquial<\/a><\/li>\n\n\n\n<li><a href=\"#004\">Como marcar uma inten\u00e7\u00e3o de Missa<\/a><\/li>\n\n\n\n<li><a href=\"#005\">Hor\u00e1rios da catequese<\/a><\/li>\n\n\n\n<li><a href=\"#006\">Como agendar batizados<\/a><\/li>\n\n\n\n<li><a href=\"#007\">Como agendar casamentos<\/a><\/li>\n\n\n\n<li><a href=\"#008\">Como solicitar certid\u00f5es de batizado<\/a><\/li>\n\n\n\n<li><a href=\"#009\">Como solicitar certid\u00f5es de casamento<\/a><\/li>\n\n\n\n<li><a href=\"#010\">Como solicitar o in\u00edcio do processo de nulidade matrimonial<\/a><\/li>\n\n\n\n<li><a href=\"#011\">Como solicitar a visita do padre em minha casa ou empresa<\/a><\/li>\n\n\n\n<li><a href=\"#012\">Como solicitar a visita do padre para a Un\u00e7\u00e3o de Enfermo<\/a><\/li>\n\n\n\n<li><a href=\"#013\">Como solicitar a visita do padre ou di\u00e1cono para Ex\u00e9quias<\/a><\/li>\n\n\n\n<li><a href=\"#014\">Como solicitar a visita da Pastoral do Alimento<\/a><\/li>\n\n\n\n<li><a href=\"#015\">Como encaminhar algu\u00e9m para a Pastoral da Sobriedade<\/a><\/li>\n\n\n\n<li><a href=\"#016\">Como tornar-se um dizimista<\/a><\/li>\n\n\n\n<li><a href=\"#017\">Como realizar uma doa\u00e7\u00e3o a pessoas necessitadas<\/a><\/li>\n\n\n\n<li><a href=\"#018\">Quais os telefones e e-mail da par\u00f3quia<\/a><\/li>\n\n\n\n<li><a href=\"#019\">Quais os telefones e e-mail da Diocese de Ourinhos<\/a><\/li>\n\n\n\n<li><a href=\"#020\">Quais os hor\u00e1rios das transmiss\u00f5es das celebra\u00e7\u00f5es nas redes sociais<\/a><\/li>\n<\/ul>\n\n\n\n<hr class=\"wp-block-separator has-css-opacity\"\/>\n\n\n\n<a name=\"001\"><\/a>\n\n\n\n<p><strong>Hor\u00e1rios das Missas e Celebra\u00e7\u00f5es<\/strong><\/p>\n\n\n\n<p>Segunda a sexta<br>19:30h &#8211; Igreja S\u00e3o Benedito<br><br>Quarta-feira<br>7h &#8211; Capela Santa Cruz<\/p>\n\n\n\n<p>S\u00e1bado<br>18h &#8211; Capela S\u00e3o Joaquim e Sant&#8217;Ana<br>19:30h &#8211; Igreja S\u00e3o Benedito<\/p>\n\n\n\n<p>Domingo<br>7h &#8211; Capela Santa Cruz<br>9h e 19h &#8211; Igreja S\u00e3o Benedito<\/p>\n\n\n\n<p><a href=\"#000\"><strong>\u2191 Voltar as perguntas<\/strong><\/a><\/p>\n\n\n\n<hr class=\"wp-block-separator has-css-opacity\"\/>\n\n\n\n<a name=\"002\"><\/a>\n\n\n\n<p><strong>Hor\u00e1rios de atendimento \u00e0s confiss\u00f5es<\/strong><\/p>\n\n\n\n<p>Ter\u00e7a-feira<br>10h as 12h &#8211; Igreja S\u00e3o Benedito<\/p>\n\n\n\n<p>Quarta-feira<br>8h as 10h &#8211; Capela Santa Cruz<\/p>\n\n\n\n<p>Quinta-feira<br>15h as 17h &#8211; Igreja S\u00e3o Benedito<\/p>\n\n\n\n<p><strong> <a href=\"#000\"><strong>\u2191 Voltar as perguntas<\/strong><\/a> <\/strong> <\/p>\n\n\n\n<hr class=\"wp-block-separator has-css-opacity\"\/>\n\n\n\n<a name=\"003\"><\/a>\n\n\n\n<p><strong>Hor\u00e1rios da secretaria paroquial<\/strong><\/p>\n\n\n\n<p>Segunda a sexta \u2013 8h \u00e0s 12h \u2013 13:30h \u00e0s 17:30h<br>S\u00e1bado \u2013 8h \u00e0s 12h<\/p>\n\n\n\n<p><strong> <a href=\"#000\"><strong>\u2191 Voltar as perguntas<\/strong><\/a> <\/strong><\/p>\n\n\n\n<hr class=\"wp-block-separator has-css-opacity\"\/>\n\n\n\n<a name=\"004\"><\/a>\n\n\n\n<p><strong>Como marcar uma inten\u00e7\u00e3o de Missa<\/strong><\/p>\n\n\n\n<p>Entre em contato com a secretaria, presencialmente, por telefone ou mensagem. Oferta espont\u00e2nea durante a Missa.<\/p>\n\n\n\n<p> <a href=\"#000\"><strong>\u2191 Voltar as perguntas<\/strong><\/a>   <\/p>\n\n\n\n<hr class=\"wp-block-separator has-css-opacity\"\/>\n\n\n\n<a name=\"005\"><\/a>\n\n\n\n<p><strong>Hor\u00e1rios da catequese<\/strong><\/p>\n\n\n\n<p>Quarta-feira \u2013 Igreja S\u00e3o Benedito &#8211; 14h \u00e0s 15h<br>S\u00e1bado \u2013 Cap. Santa Cruz &#8211; 9h \u00e0s 10h<br>S\u00e1bado \u2013 Igreja S\u00e3o Benedito<\/p>\n\n\n\n<p> <a href=\"#000\"><strong>\u2191 Voltar as perguntas<\/strong><\/a> <\/p>\n\n\n\n<hr class=\"wp-block-separator has-css-opacity\"\/>\n\n\n\n<a name=\"006\"><\/a>\n\n\n\n<p><strong>Como agendar batizados<\/strong><\/p>\n\n\n\n<p>Leve na secretaria os seguintes documentos, c\u00f3pias ou originais:<\/p>\n\n\n\n<p>&#8211; Caso n\u00e3o perten\u00e7a a Par\u00f3quia S\u00e3o Benedito: pedido de transfer\u00eancia emitido pela secretaria da par\u00f3quia a qual os pais pertencem;<\/p>\n\n\n\n<p>&#8211; Certid\u00e3o de nascimento da crian\u00e7a;<\/p>\n\n\n\n<p>&#8211; Comprovante de resid\u00eancia dos pais;<\/p>\n\n\n\n<p>&#8211; Certid\u00e3o de casamento dos padrinhos. Caso os padrinhos n\u00e3o sejam casados, leve a certid\u00e3o de nascimento de cada um deles;<\/p>\n\n\n\n<p>&#8211; Certificado do Curso em prepara\u00e7\u00e3o Batismo dos pais e padrinhos;<\/p>\n\n\n\n<p>Curso de Batismo<br>Todo segundo domingo do m\u00eas \u00e0s 8h. \u00c9 necess\u00e1rio fazer a inscri\u00e7\u00e3o na secretaria, presencialmente, por telefone ou mensagem. O curso \u00e9 gratuito.<\/p>\n\n\n\n<p>Batizados<br>Todo terceiro domingo do m\u00eas ap\u00f3s a Missa das 9h na Igreja S\u00e3o Benedito, realizado pelo Di\u00e1cono Jos\u00e9 Roberto Brilhador. A oferta \u00e9 espont\u00e2nea.<\/p>\n\n\n\n<p> <a href=\"#000\"><strong>\u2191 Voltar as perguntas<\/strong><\/a>  <\/p>\n\n\n\n<hr class=\"wp-block-separator has-css-opacity\"\/>\n\n\n\n<a name=\"007\"><\/a>\n\n\n\n<p><strong>Como agendar casamentos<\/strong><\/p>\n\n\n\n<p>O casal deve entrar em contato com a secretaria para agendar a primeira entrevista com o padre. Nesta ocasi\u00e3o o casal marcar\u00e1 a cerim\u00f4nia com o padre de acordo com as datas dispon\u00edveis na agenda paroquial.<\/p>\n\n\n\n<p> <a href=\"#000\"><strong>\u2191 Voltar as perguntas<\/strong><\/a> <\/p>\n\n\n\n<hr class=\"wp-block-separator has-css-opacity\"\/>\n\n\n\n<a name=\"008\"><\/a>\n\n\n\n<p><strong>Como solicitar certid\u00f5es de batizado<\/strong><\/p>\n\n\n\n<p>Informe na secretaria, presencialmente, por telefone ou mensagem, o nome completo da pessoa, data de nascimento e nomes completos dos pais para verificarmos se esses dados constam nos registros. A par\u00f3quia possui registros a partir do ano de 1966. Para registros anteriores a esta data, entre em contato com a secretaria da Igreja Matriz de S\u00e3o Sebasti\u00e3o pelo telefone 14 3372-1037.<\/p>\n\n\n\n<p> <a href=\"#000\"><strong>\u2191 Voltar as perguntas<\/strong><\/a> <\/p>\n\n\n\n<hr class=\"wp-block-separator has-css-opacity\"\/>\n\n\n\n<a name=\"009\"><\/a>\n\n\n\n<p><strong>Como solicitar certid\u00f5es de casamento<\/strong><\/p>\n\n\n\n<p>Informe na secretaria, presencialmente, por telefone ou mensagem, os nomes completos e a data do casamento para verificarmos se esses dados constam nos registros. A par\u00f3quia possui registros a partir do ano de 1966. Para registros anteriores a esta data, entre em contato com a secretaria da Igreja Matriz de S\u00e3o Sebasti\u00e3o pelo telefone 14 3372-1037.<\/p>\n\n\n\n<p> <a href=\"#000\"><strong>\u2191 Voltar as perguntas<\/strong><\/a> <\/p>\n\n\n\n<hr class=\"wp-block-separator has-css-opacity\"\/>\n\n\n\n<a name=\"010\"><\/a>\n\n\n\n<p><strong>Como solicitar o in\u00edcio do processo de nulidade matrimonial<\/strong><\/p>\n\n\n\n<p>Agende a primeira entrevista na secretaria paroquial. O atendimento \u00e9 feito para pessoas que moram nas cidades da Forania de Santa Cruz: Santa Cruz do Rio Pardo, Ipaussu, Bernardino de Campos e Esp\u00edrito Santo do Turvo. Caso more em outra cidade, entre em contato com o Tribunal Eclesi\u00e1stico da Diocese de Ourinhos pelo telefone (14) 3322-4929<\/p>\n\n\n\n<p> <a href=\"#000\"><strong>\u2191 Voltar as perguntas<\/strong><\/a>  <\/p>\n\n\n\n<hr class=\"wp-block-separator has-css-opacity\"\/>\n\n\n\n<a name=\"011\"><\/a>\n\n\n\n<p><strong>Como solicitar a visita do padre em minha casa ou empresa<\/strong><\/p>\n\n\n\n<p>Caso a resid\u00eancia ou empresa seja no territ\u00f3rio da Par\u00f3quia S\u00e3o Benedito (igreja e capelas), informe na secretaria, presencialmente, por telefone ou mensagem, o nome completo, telefone e endere\u00e7o. O padre far\u00e1 a visita o mais breve poss\u00edvel. Caso more longe da Igreja S\u00e3o Benedito, entre em contato com a secretaria da par\u00f3quia mais pr\u00f3xima a sua casa ou empresa<\/p>\n\n\n\n<p> <a href=\"#000\"><strong>\u2191 Voltar as perguntas<\/strong><\/a> <\/p>\n\n\n\n<hr class=\"wp-block-separator has-css-opacity\"\/>\n\n\n\n<a name=\"012\"><\/a>\n\n\n\n<p><strong>Como solicitar a visita do padre para a Un\u00e7\u00e3o de Enfermo<\/strong><\/p>\n\n\n\n<p>Caso more no territ\u00f3rio da Par\u00f3quia S\u00e3o Benedito (igreja e capelas), informe na secretaria, com anteced\u00eancia, o nome completo do enfermo e respons\u00e1vel, telefone e endere\u00e7o. Caso more longe da Igreja S\u00e3o Benedito, entre em contato com a secretaria da par\u00f3quia mais pr\u00f3xima a sua casa.<\/p>\n\n\n\n<p> <a href=\"#000\"><strong>\u2191 Voltar as perguntas<\/strong><\/a> <\/p>\n\n\n\n<hr class=\"wp-block-separator has-css-opacity\"\/>\n\n\n\n<a name=\"013\"><\/a>\n\n\n\n<p><strong>Como solicitar a visita do padre ou di\u00e1cono para Ex\u00e9quias<\/strong><\/p>\n\n\n\n<p>Caso more no territ\u00f3rio da Par\u00f3quia S\u00e3o Benedito (igreja e capelas), informe na secretaria, com anteced\u00eancia, o nome completo do falecido, nome do familiar pr\u00f3ximo, telefone e hor\u00e1rio do sepultamento. Pedimos, gentilmente, que se evite de procurar a secretaria pouco tempo antes do sepultamento para que o padre ou di\u00e1cono consigam atender a fam\u00edlia enlutada. Caso more longe da Igreja S\u00e3o Benedito, entre em contato com a secretaria da par\u00f3quia mais pr\u00f3xima a sua casa.<\/p>\n\n\n\n<p> <a href=\"#000\"><strong>\u2191 Voltar as perguntas<\/strong><\/a> <\/p>\n\n\n\n<hr class=\"wp-block-separator has-css-opacity\"\/>\n\n\n\n<a name=\"014\"><\/a>\n\n\n\n<p><strong>Como solicitar a visita da Pastoral do Alimento<\/strong><\/p>\n\n\n\n<p>A Pastoral do Alimento atende apenas \u00e0s fam\u00edlias que moram no territ\u00f3rio da Par\u00f3quia S\u00e3o Benedito. A ficha deve ser preenchida na secretaria paroquial e n\u00e3o por telefone ou mensagem. A cesta ser\u00e1 entregue ap\u00f3s a visita dos agentes da pastoral a fam\u00edlia, nas datas informadas. Caso more longe da Igreja S\u00e3o Benedito, entre em contato com a secretaria da par\u00f3quia mais pr\u00f3xima a sua casa.<\/p>\n\n\n\n<p> <a href=\"#000\"><strong>\u2191 Voltar as perguntas<\/strong><\/a> <\/p>\n\n\n\n<hr class=\"wp-block-separator has-css-opacity\"\/>\n\n\n\n<a name=\"015\"><\/a>\n\n\n\n<p><strong>Como encaminhar algu\u00e9m para a Pastoral da Sobriedade<\/strong><\/p>\n\n\n\n<p>Entre em contato com a coordena\u00e7\u00e3o da Pastoral da Sobriedade para participar das reuni\u00f5es que acontecem toda segunda-feira as 19h no sal\u00e3o da Rua Catarina Etsuco Umezu (atr\u00e1s da Igreja S\u00e3o Benedito). O telefone da coordena\u00e7\u00e3o da Pastoral da Sobriedade \u00e9 14 99648-8549.<\/p>\n\n\n\n<p> <a href=\"#000\"><strong>\u2191 Voltar as perguntas<\/strong><\/a> <\/p>\n\n\n\n<hr class=\"wp-block-separator has-css-opacity\"\/>\n\n\n\n<a name=\"016\"><\/a>\n\n\n\n<p><strong>Como tornar-se um dizimista<\/strong><\/p>\n\n\n\n<p>Voc\u00ea pode preencher a ficha da inscri\u00e7\u00e3o nos plant\u00f5es da Pastoral do D\u00edzimo nos finais das Missas nos fins de semana ou na secretaria paroquial, presencialmente, por telefone ou mensagem. A oferta do d\u00edzimo pode ser feita nos plant\u00f5es, na secretaria ou atrav\u00e9s de PIX &#8211; CNPJ 03.101.168\/0017-49.<\/p>\n\n\n\n<p> <a href=\"#000\"><strong>\u2191 Voltar as perguntas<\/strong><\/a>  <\/p>\n\n\n\n<hr class=\"wp-block-separator has-css-opacity\"\/>\n\n\n\n<a name=\"017\"><\/a>\n\n\n\n<p><strong>Como realizar uma doa\u00e7\u00e3o a pessoas necessitadas<\/strong><\/p>\n\n\n\n<p>As doa\u00e7\u00f5es, roupas e alimentos, podem ser entregues na secretaria paroquial e ser\u00e3o encaminhadas as pastorais.<\/p>\n\n\n\n<p> <a href=\"#000\"><strong>\u2191 Voltar as perguntas<\/strong><\/a> <\/p>\n\n\n\n<hr class=\"wp-block-separator has-css-opacity\"\/>\n\n\n\n<a name=\"018\"><\/a>\n\n\n\n<p><strong>Quais os telefones e e-mail da par\u00f3quia<\/strong><\/p>\n\n\n\n<p>Telefones: 14 3372-1105 ou 99776-9954<br>E-mail: <a href=\"mailto:secretaria@saobeneditoscrp.com.br\">secretaria@saobeneditoscrp.com.br<\/a><br>Site: <a href=\"https:\/\/www.SaoBeneditoSCRP.com.br\">https:\/\/www.SaoBeneditoSCRP.com.br<\/a><\/p>\n\n\n\n<p> <a href=\"#000\"><strong>\u2191 Voltar as perguntas<\/strong><\/a> <\/p>\n\n\n\n<hr class=\"wp-block-separator has-css-opacity\"\/>\n\n\n\n<a name=\"019\"><\/a>\n\n\n\n<p><strong>Quais os telefones e e-mail da Diocese de Ourinhos<\/strong><\/p>\n\n\n\n<p>C\u00faria Diocesana<br>Telefone: 14 3322-4929<br>E-mail: diocesedeourinhos@hotmail.com<br>R. Arl\u00edndo Luz, 446 &#8211; Centro &#8211; Ourinhos &#8211; SP &#8211; CEP 19900-011<\/p>\n\n\n\n<p> <a href=\"#000\"><strong>\u2191 Voltar as perguntas<\/strong><\/a> <\/p>\n\n\n\n<hr class=\"wp-block-separator has-css-opacity\"\/>\n\n\n\n<a name=\"020\"><\/a>\n\n\n\n<p><strong>Quais os hor\u00e1rios das transmiss\u00f5es das celebra\u00e7\u00f5es nas redes sociais<\/strong><\/p>\n\n\n\n<p>Quinta-feira &#8211; 19:30h &#8211; Facebook e YouTube<br>Domingo &#8211; 19h &#8211; Facebook e YouTube<br>Festas e solenidades tamb\u00e9m s\u00e3o transmitidas.<\/p>\n\n\n\n<p>Facebook:<br><a href=\"https:\/\/www.facebook.com\/SaoBeneditoSCRP\">https:\/\/www.facebook.com\/SaoBeneditoSCRP<\/a><br><a href=\"https:\/\/www.facebook.com\/CapelaSaoJoaquimeSantAna\">https:\/\/www.facebook.com\/CapelaSaoJoaquimeSantAna<\/a><\/p>\n\n\n\n<p>YouTube:<br><a href=\"https:\/\/www.youtube.com\/ParoquiaSaoBeneditoSCRP\">https:\/\/www.youtube.com\/ParoquiaSaoBeneditoSCRP<\/a><\/p>\n\n\n\n<p> <a href=\"#000\"><strong>\u2191 Voltar as perguntas<\/strong><\/a> <\/p>\n","protected":false},"excerpt":{"rendered":"<p>Caso necess\u00e1rio, sinta-se a vontade para entrar em contato conosco. Secretaria paroquialSegunda a sexta: 8h \u00e0s 12h \u2013 13:30h \u00e0s<\/p>\n","protected":false},"author":1,"featured_media":0,"parent":0,"menu_order":0,"comment_status":"closed","ping_status":"closed","template":"","meta":{"episode_type":"","audio_file":"","cover_image":"","cover_image_id":"","duration":"","filesize":"","date_recorded":"","explicit":"","block":"","itunes_episode_number":"","itunes_title":"","itunes_season_number":"","itunes_episode_type":"","filesize_raw":"","footnotes":""},"class_list":["post-423","page","type-page","status-publish","hentry","comments-off"],"_links":{"self":[{"href":"https:\/\/www.saobeneditoscrp.com.br\/artigos\/wp-json\/wp\/v2\/pages\/423","targetHints":{"allow":["GET"]}}],"collection":[{"href":"https:\/\/www.saobeneditoscrp.com.br\/artigos\/wp-json\/wp\/v2\/pages"}],"about":[{"href":"https:\/\/www.saobeneditoscrp.com.br\/artigos\/wp-json\/wp\/v2\/types\/page"}],"author":[{"embeddable":true,"href":"https:\/\/www.saobeneditoscrp.com.br\/artigos\/wp-json\/wp\/v2\/users\/1"}],"replies":[{"embeddable":true,"href":"https:\/\/www.saobeneditoscrp.com.br\/artigos\/wp-json\/wp\/v2\/comments?post=423"}],"version-history":[{"count":21,"href":"https:\/\/www.saobeneditoscrp.com.br\/artigos\/wp-json\/wp\/v2\/pages\/423\/revisions"}],"predecessor-version":[{"id":1070,"href":"https:\/\/www.saobeneditoscrp.com.br\/artigos\/wp-json\/wp\/v2\/pages\/423\/revisions\/1070"}],"wp:attachment":[{"href":"https:\/\/www.saobeneditoscrp.com.br\/artigos\/wp-json\/wp\/v2\/media?parent=423"}],"curies":[{"name":"wp","href":"https:\/\/api.w.org\/{rel}","templated":true}]}}